late o(w).
6
Let j(i) be the second derivative of i**5/20 - i**4/12 - i**3/6 + i - 12. Suppose 2*w = 0, 5*v + 7 = -2*w + 2. Calculate j(v).
-1
Let w(x) = -x - 4. Let t(f) = -f - 7. Let a(y) = 3*t(y) - 5*w(y). Suppose -u - 3*u + g + 39 = 0, -2*u + g + 21 = 0. Suppose -6*r = -3*r + u. Determine a(r).
-7
Let j = 36 - 12. Suppose 5*l + j = -2*t, l - 2 = -6. Let n(r) = 3*r - 2. Calculate n(t).
-8
Let v(b) = 2*b - 5. Let c = -11 + 20. Suppose -4*i - c = -2*i - 5*r, 0 = i - r. Suppose 0 = i*g - 50 + 35. Give v(g).
5
Let k be (-45)/(-9) + 6/(-2). Suppose -11 = -k*p - 15. Let i(z) be the first derivative of -z**3/3 - 3*z**2 - 3*z - 3. What is i(p)?
5
Let k(u) = 1 - 2*u + 3*u - 2*u**2 - 3. Calculate k(1).
-3
Let u(y) = -7*y + 5. Let m(d) = -19*d + 25. Let g(n) = -19*n + 23. Let o(r) = 5*g(r) - 4*m(r). Let q(w) = -4*o(w) + 11*u(w). Give q(-8).
3
Let d(q) = 12 + 2 - 3*q - 1 - 11 + 10. Determine d(7).
-9
Let v(d) = -d**3 + 10*d**2 + 9*d + 16. Let j(x) = x**2 - 21*x + 119. Let s be j(9). Determine v(s).
-6
Let s = 540 - 545. Let o(r) = -r**3 - 5*r**2 + 2*r + 7. Determine o(s).
-3
Suppose 0 = -2*m + 4*w - 6, w - 3 = 4*w. Let g(l) = l**2 + l - 3. Determine g(m).
17
Let a(j) = -7*j - 1. Suppose 6*w - 76 + 70 = 0. Give a(w).
-8
Let k = -1 + -26. Let g(s) = -4*s**3 + s**2 - s - 1. Let c be g(2). Let x = k - c. Let y(b) = b**3 - 3*b**2 - 4*b + 1. Determine y(x).
1
Let z = 287 + -282. Let g(k) = k**2 - 6*k + 11. Calculate g(z).
6
Let w = -15 + 13. Let a = 0 + 2. Let h(m) = -m**2 + 0*m**a + 22 - 20 - m**3. What is h(w)?
6
Let c(q) = -58*q - 231. Let w be c(-4). Let x(l) = -15*l - 1. Determine x(w).
-16
Let v(l) = -14*l + 6*l**2 - 2*l**2 + 0*l + 17 + 25*l - 3*l**2. What is v(-8)?
-7
Suppose 6*a = 1 - 25. Let l(r) = r**3 + 2*r**2 - 6*r - 4. What is l(a)?
-12
Let s be 0*(8/(-4))/6. Let b(j) = -5 - 1 + s - j**2 + 9*j + 0. What is b(8)?
2
Let m be (6/(-4))/(-3 - 25/(-10)). Let t(y) be the second derivative of 2*y**3/3 - 3*y**2/2 + 4*y. Determine t(m).
9
Suppose -213 = 5*l + 4*g, -117 = -0*l + 3*l - 3*g. Let n = l + 34. Let k(b) = 4*b + 10. Give k(n).
-18
Let u(f) be the first derivative of -16 - 5*f - 1/2*f**2. Determine u(-5).
0
Suppose -47 = 3*f + 3*t - 11, 3*t = -5*f - 54. Let q = f + 8. Let o(d) be the third derivative of 5*d**4/24 - d**3/6 + 3*d**2. Calculate o(q).
-6
Let c(u) = 3*u**2 - 11 - 12 + 8*u + 15 - 4*u**2. Give c(7).
-1
Suppose -3*i - 4*w = 70, -4*i - 3*w = -i + 69. Suppose 0 = -b + 4*u + 19, -1 = 5*u - 6. Let n = i + b. Let h(f) = 3*f**3 - 1. Calculate h(n).
2
Let k(p) = 2*p**3 + 2*p**2 + 8*p - 9. Let c(d) = d**3 - d**2. Let s(z) = 3*c(z) - k(z). Determine s(6).
-3
Let g(d) = -22 + 7*d + 57 - 17 - 18. Determine g(-8).
-56
Let r(o) be the second derivative of o**5/20 + 25*o**4/12 - 13*o**3/3 + 3*o**2/2 + 15*o - 14. What is r(-26)?
3
Let a(m) be the third derivative of m**4/3 + 2*m**3 - 262*m**2. Determine a(-5).
-28
Suppose a = 5*j - 0*a + 22, 0 = j + 2*a. Let d(c) = -c**3 + 2*c**2 - 2*c + 7. Let x(k) = k**3 - k**2 + 2*k - 6. Let s(h) = 5*d(h) + 6*x(h). Give s(j).
-9
Let l(x) = 17*x + 14. Let u(s) = 5*s + 5. Let p(q) = 2*l(q) - 7*u(q). Give p(0).
-7
Let z(s) = s**2 - 9*s - 1. Let y be 1 + -1 + (-2 - -3) + 3. Suppose -j - 7 = -2*f - 3, -y*j = 4*f - 44. Calculate z(j).
-19
Let c(d) = -1 + d + d + 6. Suppose -t + 14 = 3*b + 1, 0 = -b + 3*t + 1. Determine c(b).
13
Suppose -4*m - m = -65. Let w = -13 + m. Suppose -p + 5 = w, 9*p - 10 = -5*o + 4*p. Let i(x) = x**3 + 5*x**2 + 2*x + 1. Give i(o).
13
Suppose 0 = 3*j + 2*d + 2*d + 10, -d + 6 = 5*j. Let a(g) = 6 - g**2 - j*g - g**2 - 2. Suppose 0 = 111*y - 66*y + 180. Calculate a(y).
-20
Let b(a) = -2*a + 20. Suppose 0 = 10*s - 104 - 6. Calculate b(s).
-2
Let x(r) be the third derivative of r**7/5040 + r**6/240 + r**5/20 - 22*r**2. Let m(c) be the third derivative of x(c). Give m(-6).
-3
Let x(g) = g**2 + 5*g + 9*g + 5*g**2 - 5*g**2 + g**3 + 10*g**2 + 35. Give x(-10).
-5
Let v(u) = -5*u + 3. Suppose -4*g - 2*z + 4 = 8, -4*z = 4*g + 12. Determine v(g).
-2
Let v be 4/(-6) + (-561)/(-153). Let n(x) = x**2 - x - 4. Calculate n(v).
2
Suppose -12 = 2*o + 2*a, 5*a = 4*o - 0*a - 12. Let l(b) = -b**3 - 3*b - 3. Calculate l(o).
11
Let s(z) = -2*z + 2. Let d = 21 + -17. Suppose d*p = -5*i - 5, -3*i - 2*i + p = -20. Determine s(i).
-4
Suppose -21 = 4*p - p - 5*a, p - 1 = -a. Suppose -73 = -11*d - 29. Let n(h) = -4*h - 2 - d*h - 3*h - 2*h**2 + 9*h. What is n(p)?
-6
Suppose 4*w - 2*t = -7*t + 4, -2*w = 5*t + 8. Let r(v) = v**2 - 4 - 7*v + 15*v - 14*v. What is r(w)?
-4
Let a(d) be the first derivative of -10*d**3/3 + d**2/2 + 2. Let q = 666 + -665. Calculate a(q).
-9
Let w(u) be the second derivative of -1/3*u**4 + 0 + u**3 - 7/2*u**2 - 1/20*u**5 - 4*u. Calculate w(-5).
-12
Suppose -2*c + 46 = -34. Let j = c - 35. Let m(l) = -2*l - 2. Give m(j).
-12
Let t(i) = -68*i - 1. Let m(h) = -47*h - 1. Let g(c) = 3*m(c) - 2*t(c). Let r = -2 - 0. Give g(r).
9
Let g(v) = -8*v + 6*v - v + 2*v + 3. Give g(12).
-9
Let f = -9 - -9. Suppose f = -j - j + 14. Let m(g) = 7 + j*g + g**3 - 5 + 0*g**3 - 7*g**2. Give m(6).
8
Let y(n) = -4*n**2 - 17*n - 1. Let d(q) = -q**2 - 2*q + 1. Let s(i) = 5*d(i) - y(i). Calculate s(8).
-2
Let m(z) = 2*z - 7. Let c be (0 - 10/5)/(6/27). What is m(c)?
-25
Let f(o) = 40 + 50 - 4*o + 88 - 115. What is f(15)?
3
Let t(p) = -15*p**3 - 4*p**2 - 9*p - 11. Let z(s) = 7*s**3 + 2*s**2 + 4*s + 5. Let u(v) = 6*t(v) + 13*z(v). Give u(-2).
3
Let n(p) = 3*p**2 - 8*p + 1. Let k(v) = 4*v**2 - 9*v. Let g(y) = 4*k(y) - 5*n(y). Suppose -w - 16 = 3*l, 8*l - 5*l - 5*w + 10 = 0. Calculate g(l).
0
Let o = 45 - 42. Let f be (3 + -2)*o - 1. Let k(m) be the second derivative of -m**3/6 + m. Give k(f).
-2
Let o(p) = p**2 - 8*p + 7. Let q be (3/(-2))/(27/(-90)). Let k(s) = 2*s - 2 - 3 + s**2 + 1 - q*s. Let l be k(5). Calculate o(l).
-5
Let b(k) be the third derivative of 0*k - 5/6*k**3 + 0 + 1/8*k**4 + 6*k**2. What is b(4)?
7
Let w = 4 + -3. Suppose t + 0*t = w. Let v(f) = 10*f**2 - 1 + 4*f**2 - 5*f**2. Give v(t).
8
Let v(k) be the third derivative of k**4/24 - k**3 - 20*k**2. Let o = 28 - 28. Calculate v(o).
-6
Let z(c) = -c**2 + 4*c - 1. Let a = -227 + 231. Determine z(a).
-1
Let l(n) be the second derivative of n**5/20 - n**4/6 + 7*n**2 - 10*n. Let r(t) be the first derivative of l(t). What is r(3)?
15
Let i be (-2)/((-6)/(-9)) + -1. Let t be ((-30)/i)/((-16)/32). Let c(h) = -2*h - 33. Let l be c(t). Let x(a) = a - 3. Give x(l).
-6
Suppose -24*d - 10 - 254 = 0. Let h(w) = -w**3 - 12*w**2 - 6*w - 3. Give h(d).
-58
Let c(x) be the third derivative of -x**6/120 - x**5/60 + x**4/24 - 17*x**3/6 - 2*x**2 + 24*x. What is c(0)?
-17
Let n(r) = -2*r - 2. Let v(l) = l**2 - l - 1. Let f(u) = -4*u - 2. Let q(g) = f(g) - 3*v(g). Let h be (-2)/(9/(-3) - -1). Let b be q(h). Calculate n(b).
4
Let t(k) = k**3 - 8*k**2 + 2*k + 3. Let u be 3344/396 - (1 - 5/9). Calculate t(u).
19
Let s(i) be the third derivative of -i**5/15 - i**4/24 + i**3/3 - 3*i**2. Suppose -3*g - 1 + 13 = 3*n, -14 = -3*g - 4*n. Suppose -18 = -g*r - 14. What is s(r)?
-16
Let f(y) = -3*y - 4. Let j(z) = -4*z - 4. Suppose 4*d + 10 = 2*r - 10, -3*d + 3*r = 15. Let m(c) = d*f(c) + 4*j(c). What is m(-6)?
10
Let f(q) = -7*q**2 + q - 1. Let l be f(-1). Let x be 2/l - 28/36. Let u be x/((1/(-3))/(-1)). Let y(v) = v**3 + 2*v**2 + 2. What is y(u)?
-7
Let s(k) = 5*k**2 - 37*k**3 - 6*k**2 + 36*k**3 + 8*k**2 - 3 - 4*k. Let t = 4 + 2. Give s(t).
9
Let s(z) = 19*z. Let u(w) = -8*w**3 - w - 2. Let p be u(-1). Suppose -4*g + p + 9 = 0. Suppose -3 = -7*n + g*n. Give s(n).
19
Let q(d) = 27*d + 3 + d**2 - 33*d + 3 - 1. Suppose -2*j - 2*n + 7 = n, -4*j = -3*n - 5. Suppose 0 = -j*i - i + 12. Calculate q(i).
-3
Let d(l) = -l**3 - l**2 - l - 21. Suppose k + 3*k = 28. Suppose -k*c + 3*c + 3*c = 0. Determine d(c).
-21
Let k be 2/(-6) - 1/(-3). Let n = 1 + k. Let r(t) = -7*t**2 + t**3 + n + 2*t**2 - 4. Calculate r(5).
-3
Let t(f) = 4*f + 218910*f**2 + 8 + 6*f - 218911*f**2. Calculate t(6).
32
Let l(m) = -9*m**2 + 9*m + 8. Let z(i) = -11*i**2 + 9*i + 7. Let d(s) = 6*l(s) - 5*z(s). What is d(-9)?
13
Suppose 26*s = 28*s - 8. Let z(g) be the second derivative of 7*g + 1/20*g**5 - 2*g**2 - 1/3*g**3 + 0 + 1/6*g**s. What is z(-3)?
-7
Let b(j) be the third derivative of j**6/120 - 7*j**5/60 - j**4/24 + 5*j**3/3 + 10*j**2. 